{"id":70,"date":"2026-01-12T03:00:40","date_gmt":"2026-01-12T03:00:40","guid":{"rendered":"https:\/\/cartoriodantasdeoliveira.com.br\/?page_id=70"},"modified":"2026-01-15T14:04:37","modified_gmt":"2026-01-15T14:04:37","slug":"politica-de-privacidade","status":"publish","type":"page","link":"https:\/\/cartoriodantasdeoliveira.com.br\/index.php\/politica-de-privacidade\/","title":{"rendered":"Politica de Privacidade"},"content":{"rendered":"<style>.kb-row-layout-id70_af8aa4-63 > .kt-row-column-wrap{align-content:start;}:where(.kb-row-layout-id70_af8aa4-63 > .kt-row-column-wrap) > .wp-block-kadence-column{justify-content:start;}.kb-row-layout-id70_af8aa4-63 > .kt-row-column-wrap{column-gap:var(--global-kb-gap-md, 2rem);row-gap:var(--global-kb-gap-md, 2rem);padding-top:var(--global-kb-spacing-4xl, 8rem);padding-bottom:var(--global-kb-spacing-sm, 1.5rem);grid-template-columns:minmax(0, 1fr);}.kb-row-layout-id70_af8aa4-63 > .kt-row-layout-overlay{opacity:0.30;}@media all and (max-width: 1024px){.kb-row-layout-id70_af8aa4-63 > .kt-row-column-wrap{grid-template-columns:minmax(0, 1fr);}}@media all and (max-width: 767px){.kb-row-layout-id70_af8aa4-63 > .kt-row-column-wrap{grid-template-columns:minmax(0, 1fr);}}<\/style><div class=\"kb-row-layout-wrap kb-row-layout-id70_af8aa4-63 alignnone wp-block-kadence-rowlayout\"><div class=\"kt-row-column-wrap kt-has-1-columns kt-row-layout-equal kt-tab-layout-inherit kt-mobile-layout-row kt-row-valign-top\">\n<style>.kadence-column70_0e7624-91 > .kt-inside-inner-col,.kadence-column70_0e7624-91 > .kt-inside-inner-col:before{border-top-left-radius:0px;border-top-right-radius:0px;border-bottom-right-radius:0px;border-bottom-left-radius:0px;}.kadence-column70_0e7624-91 > .kt-inside-inner-col{column-gap:var(--global-kb-gap-sm, 1rem);}.kadence-column70_0e7624-91 > .kt-inside-inner-col{flex-direction:column;}.kadence-column70_0e7624-91 > .kt-inside-inner-col > .aligncenter{width:100%;}.kadence-column70_0e7624-91 > .kt-inside-inner-col:before{opacity:0.3;}.kadence-column70_0e7624-91{position:relative;}@media all and (max-width: 1024px){.kadence-column70_0e7624-91 > .kt-inside-inner-col{flex-direction:column;justify-content:center;}}@media all and (max-width: 767px){.kadence-column70_0e7624-91 > .kt-inside-inner-col{flex-direction:column;justify-content:center;}}<\/style>\n<div class=\"wp-block-kadence-column kadence-column70_0e7624-91\"><div class=\"kt-inside-inner-col\">\n<h2 class=\"wp-block-heading has-text-align-center has-text-color has-link-color wp-elements-a9d54b6113e736551f9e8012c04268e3\" style=\"color:#421a10\">Privacidade de Dados Pessoais<\/h2>\n\n\n\n<h4 class=\"wp-block-heading\">Por que coletamos seus dados?<\/h4>\n\n\n\n<p>Coletamos seus dados pessoais para garantir seguran\u00e7a jur\u00eddica na pr\u00e1tica de atos notariais e de protesto e para cumprir obriga\u00e7\u00f5es legais e regulat\u00f3rias. Nesses casos, o tratamento dos dados pode ocorrer independentemente do consentimento do titular, conforme a legisla\u00e7\u00e3o aplic\u00e1vel.<\/p>\n\n\n\n<h4 class=\"wp-block-heading\">Como coletamos seus dados? Quais dados coletamos?<\/h4>\n\n\n\n<p>Quando voc\u00ea solicita um servi\u00e7o, coletamos apenas os dados necess\u00e1rios para o cumprimento da legisla\u00e7\u00e3o e a execu\u00e7\u00e3o do atendimento, incluindo informa\u00e7\u00f5es indispens\u00e1veis para sua identifica\u00e7\u00e3o e contato.<\/p>\n\n\n\n<h4 class=\"wp-block-heading\">Onde seus dados s\u00e3o utilizados?<\/h4>\n\n\n\n<p>Seus dados s\u00e3o utilizados na pr\u00e1tica dos atos notariais e na presta\u00e7\u00e3o de informa\u00e7\u00f5es a \u00f3rg\u00e3os p\u00fablicos, centrais eletr\u00f4nicas e institui\u00e7\u00f5es de prote\u00e7\u00e3o ao cr\u00e9dito, quando aplic\u00e1vel e conforme a lei.<\/p>\n\n\n\n<h4 class=\"wp-block-heading\">Pol\u00edtica de Privacidade e canal de contato<\/h4>\n\n\n\n<p>Voc\u00ea pode solicitar nossa Pol\u00edtica de Privacidade e enviar sugest\u00f5es, d\u00favidas, informa\u00e7\u00f5es ou reclama\u00e7\u00f5es pelos canais abaixo:<\/p>\n\n\n\n<ul class=\"wp-block-list\">\n<li class=\"has-small-font-size\">Telefone: <strong>(85) 3344-1669<\/strong><\/li>\n\n\n\n<li class=\"has-small-font-size\">E-mail:&nbsp;<a href=\"mailto:cartoriodantas@gmail.com\" target=\"_blank\" rel=\"noreferrer noopener\"><strong>cartoriodantas@gmail.com<\/strong><\/a><\/li>\n<\/ul>\n\n\n\n<p><\/p>\n<\/div><\/div>\n\n<\/div><\/div>\n\n<style>.kb-row-layout-id70_675e07-95 > .kt-row-column-wrap{align-content:start;}:where(.kb-row-layout-id70_675e07-95 > .kt-row-column-wrap) > .wp-block-kadence-column{justify-content:start;}.kb-row-layout-id70_675e07-95 > .kt-row-column-wrap{column-gap:var(--global-kb-gap-md, 2rem);row-gap:var(--global-kb-gap-md, 2rem);padding-top:var(--global-kb-spacing-sm, 1.5rem);padding-bottom:var(--global-kb-spacing-sm, 1.5rem);grid-template-columns:minmax(0, 1fr);}.kb-row-layout-id70_675e07-95 > .kt-row-layout-overlay{opacity:0.30;}@media all and (max-width: 1024px){.kb-row-layout-id70_675e07-95 > .kt-row-column-wrap{grid-template-columns:minmax(0, 1fr);}}@media all and (max-width: 767px){.kb-row-layout-id70_675e07-95 > .kt-row-column-wrap{grid-template-columns:minmax(0, 1fr);}}<\/style><div class=\"kb-row-layout-wrap kb-row-layout-id70_675e07-95 alignnone wp-block-kadence-rowlayout\"><div class=\"kt-row-column-wrap kt-has-1-columns kt-row-layout-equal kt-tab-layout-inherit kt-mobile-layout-row kt-row-valign-top\">\n<style>.kadence-column70_8e92b4-5b > .kt-inside-inner-col,.kadence-column70_8e92b4-5b > .kt-inside-inner-col:before{border-top-left-radius:0px;border-top-right-radius:0px;border-bottom-right-radius:0px;border-bottom-left-radius:0px;}.kadence-column70_8e92b4-5b > .kt-inside-inner-col{column-gap:var(--global-kb-gap-sm, 1rem);}.kadence-column70_8e92b4-5b > .kt-inside-inner-col{flex-direction:column;}.kadence-column70_8e92b4-5b > .kt-inside-inner-col > .aligncenter{width:100%;}.kadence-column70_8e92b4-5b > .kt-inside-inner-col:before{opacity:0.3;}.kadence-column70_8e92b4-5b{position:relative;}@media all and (max-width: 1024px){.kadence-column70_8e92b4-5b > .kt-inside-inner-col{flex-direction:column;justify-content:center;}}@media all and (max-width: 767px){.kadence-column70_8e92b4-5b > .kt-inside-inner-col{flex-direction:column;justify-content:center;}}<\/style>\n<div class=\"wp-block-kadence-column kadence-column70_8e92b4-5b\"><div class=\"kt-inside-inner-col\"><style>.kadence-column70_b199c1-c8 > .kt-inside-inner-col,.kadence-column70_b199c1-c8 > .kt-inside-inner-col:before{border-top-left-radius:0px;border-top-right-radius:0px;border-bottom-right-radius:0px;border-bottom-left-radius:0px;}.kadence-column70_b199c1-c8 > .kt-inside-inner-col{column-gap:var(--global-kb-gap-sm, 1rem);}.kadence-column70_b199c1-c8 > .kt-inside-inner-col{flex-direction:column;}.kadence-column70_b199c1-c8 > .kt-inside-inner-col > .aligncenter{width:100%;}.kadence-column70_b199c1-c8 > .kt-inside-inner-col:before{opacity:0.3;}.kadence-column70_b199c1-c8{position:relative;}@media all and (max-width: 1024px){.kadence-column70_b199c1-c8 > .kt-inside-inner-col{flex-direction:column;justify-content:center;}}@media all and (max-width: 767px){.kadence-column70_b199c1-c8 > .kt-inside-inner-col{flex-direction:column;justify-content:center;}}<\/style>\n<div class=\"wp-block-kadence-column kadence-column70_b199c1-c8\"><div class=\"kt-inside-inner-col\">\n<div class=\"wp-block-columns is-layout-flex wp-container-core-columns-is-layout-9d6595d7 wp-block-columns-is-layout-flex\">\n<div class=\"wp-block-column is-layout-flow wp-block-column-is-layout-flow\"><style>.kt-svg-icons70_a62f27-f2 .kt-svg-item-0 .kb-svg-icon-wrap{color:var(--global-palette4, #2D3748);font-size:50px;}.wp-block-kadence-icon.kt-svg-icons70_a62f27-f2{justify-content:center;}<\/style>\n<div class=\"wp-block-kadence-icon kt-svg-icons kt-svg-icons70_a62f27-f2 alignnone\"><style>.kt-svg-item-70_fd26b7-98 .kb-svg-icon-wrap, .kt-svg-style-stacked.kt-svg-item-70_fd26b7-98 .kb-svg-icon-wrap{font-size:50px;}<\/style>\n<div class=\"wp-block-kadence-single-icon kt-svg-style-default kt-svg-icon-wrap kt-svg-item-70_fd26b7-98\"><span class=\"kb-svg-icon-wrap kb-svg-icon-fas_search\"><svg viewBox=\"0 0 512 512\"  fill=\"currentColor\" xmlns=\"http:\/\/www.w3.org\/2000\/svg\"  role=\"img\"><title>Transparencia<\/title><path d=\"M505 442.7L405.3 343c-4.5-4.5-10.6-7-17-7H372c27.6-35.3 44-79.7 44-128C416 93.1 322.9 0 208 0S0 93.1 0 208s93.1 208 208 208c48.3 0 92.7-16.4 128-44v16.3c0 6.4 2.5 12.5 7 17l99.7 99.7c9.4 9.4 24.6 9.4 33.9 0l28.3-28.3c9.4-9.4 9.4-24.6.1-34zM208 336c-70.7 0-128-57.2-128-128 0-70.7 57.2-128 128-128 70.7 0 128 57.2 128 128 0 70.7-57.2 128-128 128z\"\/><\/svg><\/span><\/div>\n<\/div>\n\n\n\n<p class=\"has-text-align-center\"><strong>Transpar\u00eancia<\/strong><\/p>\n\n\n\n<p class=\"has-text-align-center\">Antes de usar seus dados para fins diversos dos previstos pela legisla\u00e7\u00e3o, voc\u00ea ser\u00e1 consultado.<\/p>\n<\/div>\n\n\n\n<div class=\"wp-block-column is-layout-flow wp-block-column-is-layout-flow\"><style>.kt-svg-icons70_687dd0-21 .kt-svg-item-0 .kb-svg-icon-wrap{color:var(--global-palette4, #2D3748);font-size:50px;}.wp-block-kadence-icon.kt-svg-icons70_687dd0-21{justify-content:center;}<\/style>\n<div class=\"wp-block-kadence-icon kt-svg-icons kt-svg-icons70_687dd0-21 alignnone\"><style>.kt-svg-item-70_9821ae-f8 .kb-svg-icon-wrap, .kt-svg-style-stacked.kt-svg-item-70_9821ae-f8 .kb-svg-icon-wrap{font-size:50px;}<\/style>\n<div class=\"wp-block-kadence-single-icon kt-svg-style-default kt-svg-icon-wrap kt-svg-item-70_9821ae-f8\"><span class=\"kb-svg-icon-wrap kb-svg-icon-fas_balance-scale\"><svg viewBox=\"0 0 640 512\"  fill=\"currentColor\" xmlns=\"http:\/\/www.w3.org\/2000\/svg\"  aria-hidden=\"true\"><path d=\"M256 336h-.02c0-16.18 1.34-8.73-85.05-181.51-17.65-35.29-68.19-35.36-85.87 0C-2.06 328.75.02 320.33.02 336H0c0 44.18 57.31 80 128 80s128-35.82 128-80zM128 176l72 144H56l72-144zm511.98 160c0-16.18 1.34-8.73-85.05-181.51-17.65-35.29-68.19-35.36-85.87 0-87.12 174.26-85.04 165.84-85.04 181.51H384c0 44.18 57.31 80 128 80s128-35.82 128-80h-.02zM440 320l72-144 72 144H440zm88 128H352V153.25c23.51-10.29 41.16-31.48 46.39-57.25H528c8.84 0 16-7.16 16-16V48c0-8.84-7.16-16-16-16H383.64C369.04 12.68 346.09 0 320 0s-49.04 12.68-63.64 32H112c-8.84 0-16 7.16-16 16v32c0 8.84 7.16 16 16 16h129.61c5.23 25.76 22.87 46.96 46.39 57.25V448H112c-8.84 0-16 7.16-16 16v32c0 8.84 7.16 16 16 16h416c8.84 0 16-7.16 16-16v-32c0-8.84-7.16-16-16-16z\"\/><\/svg><\/span><\/div>\n<\/div>\n\n\n\n<p class=\"has-text-align-center\"><strong>Direitos<\/strong><\/p>\n\n\n\n<p>Voc\u00ea ser\u00e1 sempre informado sobre seus direitos e como exerc\u00ea-los. Suas informa\u00e7\u00f5es somente ser\u00e3o tratadas nos termos da legisla\u00e7\u00e3o vigente.<\/p>\n<\/div>\n\n\n\n<div class=\"wp-block-column is-layout-flow wp-block-column-is-layout-flow\"><style>.kt-svg-icons70_166122-74 .kt-svg-item-0 .kb-svg-icon-wrap{color:var(--global-palette4, #2D3748);font-size:50px;}.wp-block-kadence-icon.kt-svg-icons70_166122-74{justify-content:center;}<\/style>\n<div class=\"wp-block-kadence-icon kt-svg-icons kt-svg-icons70_166122-74 alignnone\"><style>.kt-svg-item-70_7f16d1-2a .kb-svg-icon-wrap, .kt-svg-style-stacked.kt-svg-item-70_7f16d1-2a .kb-svg-icon-wrap{font-size:50px;}<\/style>\n<div class=\"wp-block-kadence-single-icon kt-svg-style-default kt-svg-icon-wrap kt-svg-item-70_7f16d1-2a\"><span class=\"kb-svg-icon-wrap kb-svg-icon-ic_locked\"><svg viewBox=\"0 0 8 8\"  fill=\"currentColor\" xmlns=\"http:\/\/www.w3.org\/2000\/svg\"  aria-hidden=\"true\"><path d=\"M3 0c-1.1 0-2 .9-2 2v1h-1v4h6v-4h-1v-1c0-1.1-.9-2-2-2zm0 1c.56 0 1 .44 1 1v1h-2v-1c0-.56.44-1 1-1z\" transform=\"translate(1)\"\/><\/svg><\/span><\/div>\n<\/div>\n\n\n\n<p class=\"has-text-align-center\"><strong>Seguran\u00e7a<\/strong><\/p>\n\n\n\n<p>N\u00f3s gerenciamos e armazenamos os dados com o m\u00e1ximo de seguran\u00e7a e privacidade.<\/p>\n<\/div>\n<\/div>\n<\/div><\/div>\n<\/div><\/div>\n\n<\/div><\/div>\n\n\n<p><\/p>\n","protected":false},"excerpt":{"rendered":"<p>Privacidade de Dados Pessoais Por que coletamos seus dados? Coletamos seus dados pessoais para garantir seguran\u00e7a jur\u00eddica na pr\u00e1tica de atos notariais e de protesto e para cumprir obriga\u00e7\u00f5es legais e regulat\u00f3rias. Nesses casos, o tratamento dos dados pode ocorrer independentemente do consentimento do titular, conforme a legisla\u00e7\u00e3o aplic\u00e1vel. Como coletamos seus dados? Quais dados&#8230;<\/p>\n","protected":false},"author":1,"featured_media":0,"parent":0,"menu_order":0,"comment_status":"closed","ping_status":"closed","template":"","meta":{"_kadence_starter_templates_imported_post":false,"_kad_post_transparent":"","_kad_post_title":"","_kad_post_layout":"","_kad_post_sidebar_id":"","_kad_post_content_style":"","_kad_post_vertical_padding":"","_kad_post_feature":"","_kad_post_feature_position":"","_kad_post_header":false,"_kad_post_footer":false,"_kad_post_classname":"","footnotes":""},"class_list":["post-70","page","type-page","status-publish","hentry"],"_links":{"self":[{"href":"https:\/\/cartoriodantasdeoliveira.com.br\/index.php\/wp-json\/wp\/v2\/pages\/70","targetHints":{"allow":["GET"]}}],"collection":[{"href":"https:\/\/cartoriodantasdeoliveira.com.br\/index.php\/wp-json\/wp\/v2\/pages"}],"about":[{"href":"https:\/\/cartoriodantasdeoliveira.com.br\/index.php\/wp-json\/wp\/v2\/types\/page"}],"author":[{"embeddable":true,"href":"https:\/\/cartoriodantasdeoliveira.com.br\/index.php\/wp-json\/wp\/v2\/users\/1"}],"replies":[{"embeddable":true,"href":"https:\/\/cartoriodantasdeoliveira.com.br\/index.php\/wp-json\/wp\/v2\/comments?post=70"}],"version-history":[{"count":4,"href":"https:\/\/cartoriodantasdeoliveira.com.br\/index.php\/wp-json\/wp\/v2\/pages\/70\/revisions"}],"predecessor-version":[{"id":290,"href":"https:\/\/cartoriodantasdeoliveira.com.br\/index.php\/wp-json\/wp\/v2\/pages\/70\/revisions\/290"}],"wp:attachment":[{"href":"https:\/\/cartoriodantasdeoliveira.com.br\/index.php\/wp-json\/wp\/v2\/media?parent=70"}],"curies":[{"name":"wp","href":"https:\/\/api.w.org\/{rel}","templated":true}]}}