{"id":75,"date":"2026-01-12T03:18:33","date_gmt":"2026-01-12T03:18:33","guid":{"rendered":"https:\/\/cartoriodantasdeoliveira.com.br\/?page_id=75"},"modified":"2026-01-15T14:06:36","modified_gmt":"2026-01-15T14:06:36","slug":"agenda-2030","status":"publish","type":"page","link":"https:\/\/cartoriodantasdeoliveira.com.br\/index.php\/agenda-2030\/","title":{"rendered":"Agenda 2030"},"content":{"rendered":"<style>.kb-row-layout-id75_c979e3-fb > .kt-row-column-wrap{align-content:start;}:where(.kb-row-layout-id75_c979e3-fb > .kt-row-column-wrap) > .wp-block-kadence-column{justify-content:start;}.kb-row-layout-id75_c979e3-fb > .kt-row-column-wrap{column-gap:var(--global-kb-gap-md, 2rem);row-gap:var(--global-kb-gap-md, 2rem);padding-top:var(--global-kb-spacing-4xl, 8rem);padding-bottom:var(--global-kb-spacing-sm, 1.5rem);grid-template-columns:minmax(0, 1fr);}.kb-row-layout-id75_c979e3-fb > .kt-row-layout-overlay{opacity:0.30;}@media all and (max-width: 1024px){.kb-row-layout-id75_c979e3-fb > .kt-row-column-wrap{grid-template-columns:minmax(0, 1fr);}}@media all and (max-width: 767px){.kb-row-layout-id75_c979e3-fb > .kt-row-column-wrap{grid-template-columns:minmax(0, 1fr);}}<\/style><div class=\"kb-row-layout-wrap kb-row-layout-id75_c979e3-fb alignnone wp-block-kadence-rowlayout\"><div class=\"kt-row-column-wrap kt-has-1-columns kt-row-layout-equal kt-tab-layout-inherit kt-mobile-layout-row kt-row-valign-top\">\n<style>.kadence-column75_b249df-98 > .kt-inside-inner-col,.kadence-column75_b249df-98 > .kt-inside-inner-col:before{border-top-left-radius:0px;border-top-right-radius:0px;border-bottom-right-radius:0px;border-bottom-left-radius:0px;}.kadence-column75_b249df-98 > .kt-inside-inner-col{column-gap:var(--global-kb-gap-sm, 1rem);}.kadence-column75_b249df-98 > .kt-inside-inner-col{flex-direction:column;}.kadence-column75_b249df-98 > .kt-inside-inner-col > .aligncenter{width:100%;}.kadence-column75_b249df-98 > .kt-inside-inner-col:before{opacity:0.3;}.kadence-column75_b249df-98{position:relative;}@media all and (max-width: 1024px){.kadence-column75_b249df-98 > .kt-inside-inner-col{flex-direction:column;justify-content:center;}}@media all and (max-width: 767px){.kadence-column75_b249df-98 > .kt-inside-inner-col{flex-direction:column;justify-content:center;}}<\/style>\n<div class=\"wp-block-kadence-column kadence-column75_b249df-98\"><div class=\"kt-inside-inner-col\">\n<h2 class=\"wp-block-heading has-text-align-center has-text-color has-link-color wp-elements-008f935a349d9cb3337d92d76f27f890\" style=\"color:#421a10\">Nosso Compromisso com a Agenda 2030<\/h2>\n\n\n\n<p>O <strong>Cart\u00f3rio Dantas de Oliveira 1\u00ba Of\u00edcio <\/strong>reafirma sua responsabilidade social e institucional ao alinhar suas pr\u00e1ticas \u00e0s diretrizes da Agenda 2030 da Organiza\u00e7\u00e3o das Na\u00e7\u00f5es Unidas. <strong>Nosso objetivo \u00e9 contribuir para um futuro sustent\u00e1vel, promovendo a\u00e7\u00f5es que assegurem transpar\u00eancia, efici\u00eancia e seguran\u00e7a nos servi\u00e7os notariais e registrais, em harmonia com os 17 Objetivos de Desenvolvimento Sustent\u00e1vel (ODS)<\/strong>.<\/p>\n\n\n\n<p>Com mais de tr\u00eas d\u00e9cadas de atua\u00e7\u00e3o, mantemos nosso compromisso com a integridade dos atos jur\u00eddicos e com a evolu\u00e7\u00e3o cont\u00ednua, adotando iniciativas que fortalecem a cidadania, a inclus\u00e3o e a preserva\u00e7\u00e3o ambiental. Assim, seguimos trabalhando para que cada servi\u00e7o prestado reflita n\u00e3o apenas excel\u00eancia t\u00e9cnica, mas tamb\u00e9m responsabilidade com a sociedade e com as gera\u00e7\u00f5es futuras.<\/p>\n\n\n\n<p><\/p>\n<\/div><\/div>\n\n<\/div><\/div>\n\n<style>.kb-row-layout-id75_2fc75e-6f > .kt-row-column-wrap{align-content:start;}:where(.kb-row-layout-id75_2fc75e-6f > .kt-row-column-wrap) > .wp-block-kadence-column{justify-content:start;}.kb-row-layout-id75_2fc75e-6f > .kt-row-column-wrap{column-gap:var(--global-kb-gap-md, 2rem);row-gap:var(--global-kb-gap-md, 2rem);padding-top:var(--global-kb-spacing-sm, 1.5rem);padding-bottom:var(--global-kb-spacing-sm, 1.5rem);grid-template-columns:minmax(0, 1fr);}.kb-row-layout-id75_2fc75e-6f > .kt-row-layout-overlay{opacity:0.30;}@media all and (max-width: 1024px){.kb-row-layout-id75_2fc75e-6f > .kt-row-column-wrap{grid-template-columns:minmax(0, 1fr);}}@media all and (max-width: 767px){.kb-row-layout-id75_2fc75e-6f > .kt-row-column-wrap{grid-template-columns:minmax(0, 1fr);}}<\/style><div class=\"kb-row-layout-wrap kb-row-layout-id75_2fc75e-6f alignnone wp-block-kadence-rowlayout\"><div class=\"kt-row-column-wrap kt-has-1-columns kt-row-layout-equal kt-tab-layout-inherit kt-mobile-layout-row kt-row-valign-top\">\n<style>.kadence-column75_1a3340-76 > .kt-inside-inner-col,.kadence-column75_1a3340-76 > .kt-inside-inner-col:before{border-top-left-radius:0px;border-top-right-radius:0px;border-bottom-right-radius:0px;border-bottom-left-radius:0px;}.kadence-column75_1a3340-76 > .kt-inside-inner-col{column-gap:var(--global-kb-gap-sm, 1rem);}.kadence-column75_1a3340-76 > .kt-inside-inner-col{flex-direction:column;}.kadence-column75_1a3340-76 > .kt-inside-inner-col > .aligncenter{width:100%;}.kadence-column75_1a3340-76 > .kt-inside-inner-col:before{opacity:0.3;}.kadence-column75_1a3340-76{position:relative;}@media all and (max-width: 1024px){.kadence-column75_1a3340-76 > .kt-inside-inner-col{flex-direction:column;justify-content:center;}}@media all and (max-width: 767px){.kadence-column75_1a3340-76 > .kt-inside-inner-col{flex-direction:column;justify-content:center;}}<\/style>\n<div class=\"wp-block-kadence-column kadence-column75_1a3340-76\"><div class=\"kt-inside-inner-col\"><div class=\"wp-block-image\">\n<figure class=\"aligncenter size-full\"><img loading=\"lazy\" decoding=\"async\" width=\"1000\" height=\"597\" src=\"https:\/\/cartoriodantasdeoliveira.com.br\/wp-content\/uploads\/2026\/01\/ods-objetivos-sustentaveis-1.webp\" alt=\"\" class=\"wp-image-76\" srcset=\"https:\/\/cartoriodantasdeoliveira.com.br\/wp-content\/uploads\/2026\/01\/ods-objetivos-sustentaveis-1.webp 1000w, https:\/\/cartoriodantasdeoliveira.com.br\/wp-content\/uploads\/2026\/01\/ods-objetivos-sustentaveis-1-300x179.webp 300w, https:\/\/cartoriodantasdeoliveira.com.br\/wp-content\/uploads\/2026\/01\/ods-objetivos-sustentaveis-1-768x458.webp 768w\" sizes=\"auto, (max-width: 1000px) 100vw, 1000px\" \/><\/figure>\n<\/div><\/div><\/div>\n\n<\/div><\/div>\n\n\n<p><\/p>\n","protected":false},"excerpt":{"rendered":"<p>Nosso Compromisso com a Agenda 2030 O Cart\u00f3rio Dantas de Oliveira 1\u00ba Of\u00edcio reafirma sua responsabilidade social e institucional ao alinhar suas pr\u00e1ticas \u00e0s diretrizes da Agenda 2030 da Organiza\u00e7\u00e3o das Na\u00e7\u00f5es Unidas. Nosso objetivo \u00e9 contribuir para um futuro sustent\u00e1vel, promovendo a\u00e7\u00f5es que assegurem transpar\u00eancia, efici\u00eancia e seguran\u00e7a nos servi\u00e7os notariais e registrais, em&#8230;<\/p>\n","protected":false},"author":1,"featured_media":0,"parent":0,"menu_order":0,"comment_status":"closed","ping_status":"closed","template":"","meta":{"_kadence_starter_templates_imported_post":false,"_kad_post_transparent":"","_kad_post_title":"","_kad_post_layout":"","_kad_post_sidebar_id":"","_kad_post_content_style":"","_kad_post_vertical_padding":"","_kad_post_feature":"","_kad_post_feature_position":"","_kad_post_header":false,"_kad_post_footer":false,"_kad_post_classname":"","footnotes":""},"class_list":["post-75","page","type-page","status-publish","hentry"],"_links":{"self":[{"href":"https:\/\/cartoriodantasdeoliveira.com.br\/index.php\/wp-json\/wp\/v2\/pages\/75","targetHints":{"allow":["GET"]}}],"collection":[{"href":"https:\/\/cartoriodantasdeoliveira.com.br\/index.php\/wp-json\/wp\/v2\/pages"}],"about":[{"href":"https:\/\/cartoriodantasdeoliveira.com.br\/index.php\/wp-json\/wp\/v2\/types\/page"}],"author":[{"embeddable":true,"href":"https:\/\/cartoriodantasdeoliveira.com.br\/index.php\/wp-json\/wp\/v2\/users\/1"}],"replies":[{"embeddable":true,"href":"https:\/\/cartoriodantasdeoliveira.com.br\/index.php\/wp-json\/wp\/v2\/comments?post=75"}],"version-history":[{"count":4,"href":"https:\/\/cartoriodantasdeoliveira.com.br\/index.php\/wp-json\/wp\/v2\/pages\/75\/revisions"}],"predecessor-version":[{"id":291,"href":"https:\/\/cartoriodantasdeoliveira.com.br\/index.php\/wp-json\/wp\/v2\/pages\/75\/revisions\/291"}],"wp:attachment":[{"href":"https:\/\/cartoriodantasdeoliveira.com.br\/index.php\/wp-json\/wp\/v2\/media?parent=75"}],"curies":[{"name":"wp","href":"https:\/\/api.w.org\/{rel}","templated":true}]}}